the prime factors of q.
2, 3
Let h(g) = 5 - g + 4*g**2 + g**3 + 0*g**3 - 4*g + 0*g. What are the prime factors of h(-5)?
5
Let l(c) = -c + 1. Let k be l(0). Let w be (-2 - -1)*(-3 + k). Suppose w*z = z + 10. List the prime factors of z.
2, 5
Let c(z) = z - 2. Let g be c(2). Suppose g = -2*t - 3*p + 65, 25 = -2*t + 3*p + 84. What are the prime factors of t?
31
Suppose 5*n + 4*p + 5 = -1, 6 = -n + 4*p. List the prime factors of (13 - 2) + (n - -3).
2, 3
Let u(b) = -b + 8. Let n be u(4). Let x(v) = v**3 - 3*v**2 - v + 2. List the prime factors of x(n).
2, 7
Suppose -10 = -5*d + 6*t - 4*t, -2*d + 4 = 2*t. Suppose -g + 0*g + 3 = 0, -d*j + g - 3 = 0. Suppose -2*y + j*y + 40 = 0. List the prime factors of y.
2, 5
Suppose -w + 3 + 27 = 0. Let a be (-6)/((w/9)/5). List the prime factors of 2/a - (-548)/36.
3, 5
Let y = -3 - 2. Let n be (2 + 1 + -2)*0. What are the prime factors of 2 - y/(n - -1)?
7
Let w(q) = q**3 + 15*q**2 + 11*q - 14. What are the prime factors of w(-14)?
2, 7
Let w(i) = -i**3 - 6*i**2 - 5*i. Let x be w(-5). Let o = x + 6. What are the prime factors of o?
2, 3
Let a be 108/14*(-126)/(-27). Let m = -10 + a. List the prime factors of m.
2, 13
Let v(a) = a**3 + a**2 + a - 3. Let z be v(0). Let d(m) = 3*m**2 + 3*m - 4. List the prime factors of d(z).
2, 7
Suppose -8 = p + z, 0*z - 26 = 3*p + z. Let t = p - -26. List the prime factors of t.
17
Let g(x) = x**3 + 9*x**2 - 2*x - 18. What are the prime factors of g(-7)?
2, 47
Let r(x) = -67*x - 2. List the prime factors of r(-2).
2, 3, 11
Suppose -1 - 1 = m. What are the prime factors of 288/5 - m/5?
2, 29
Suppose -f = -2*d + 195, 3*f + 485 = d + 4*d. Suppose -d = -s - 3*s. List the prime factors of s.
5
Let t be (-2)/(-4)*(2 - -4). Suppose g + 8*x + t = 3*x, 0 = g - 5*x - 7. Suppose 0 = g*f - 2 - 10. What are the prime factors of f?
2, 3
Suppose 113 + 2 = s. Suppose -s = -3*b - 2*b. What are the prime factors of b?
23
Let b be (-8)/2 - (2 + -10). Suppose -4 = -2*y - 3*o, -1 - 2 = y + b*o. What are the prime factors of y?
5
Let l(h) = h**2 - h + 2. Let y be l(2). Suppose 2*k + 4*z = 4*k - 132, 3*k + 5*z = 198. Suppose -k = -y*a - 18. List the prime factors of a.
2, 3
Let c(l) be the second derivative of l**4/3 - l**3/2 - l**2/2 + 7*l. What are the prime factors of c(4)?
3, 17
Let y(z) = z**2 + 2*z - 3. Let l be y(2). Suppose 0 = -5*i + j + 80, l*j = i - 3 - 37. List the prime factors of i.
3, 5
Let v be 0 + (2 - 2) + -10. Let s = 3 + v. Let z = s + 18. List the prime factors of z.
11
Let u = -16 + 5. Let f = 3 - u. What are the prime factors of f?
2, 7
What are the prime factors of 7*(-2)/(-4)*4?
2, 7
Let o = -1 - -4. Suppose -o*i + 6 = 15. List the prime factors of (i - -15)*(-2)/(-3).
2
Let a(n) = n**3 + 9*n**2 - 12*n - 8. List the prime factors of a(-10).
2, 3
Suppose -2*z + 4*f = -0*f - 22, -3*z + 5*f + 30 = 0. List the prime factors of z.
5
Suppose 2*w - 84 = 4. List the prime factors of w.
2, 11
Let i be 1 + -1 - (2 - 3). Let a(t) = -3*t**3 - t**2 + 1. Let s be a(i). List the prime factors of (-6)/(-3) + -1 - s.
2
Suppose 3*n - 29 = -5*a + 29, -2*a + 17 = -5*n. Suppose 4*x = h - a, 2*h + 3*h + 11 = -2*x. Let p = x + 12. What are the prime factors of p?
3
Let t = -7 - -8. Suppose -i - 4*s + t + 16 = 0, -5*i = -s - 22. What are the prime factors of (-55)/(-3) + i/(-15)?
2, 3
Suppose 0 = 4*l + 2*x - 22, 7 = 4*l - 3*x - 0. Suppose -r = -l*r + 33. List the prime factors of r.
11
Suppose 0 = -14*h + 19*h - 755. What are the prime factors of h?
151
Suppose 273 = 4*g - 2*i + 3*i, -5*g + 2*i = -338. List the prime factors of g.
2, 17
Let l = 126 + -98. What are the prime factors of l?
2, 7
Suppose k - 2*k + 2*j = -16, -5*j + 5 = 0. Let u = k + -11. List the prime factors of u.
7
Let n = 8 + -6. Suppose z = 4*a - 2, 0 = -z + 2*z - n*a. What are the prime factors of -2 - (-2 - 12) - z?
2, 5
Suppose -n = 2*n - f + 168, -4*n + 5*f = 235. Let s(k) = k**2 + 3*k - 1. Let p be s(-3). List the prime factors of (p + -1)*n/10.
11
Let r = -18 - -66. List the prime factors of (-28)/r*-4*9.
3, 7
Suppose -3*l + 4*u = -92 - 51, 0 = -l + u + 49. What are the prime factors of l?
53
Let v(w) = 2*w + 3. Let s(x) = 3*x + 5. Let a(j) = 6*s(j) - 10*v(j). Suppose 0*f + 4*f = -2*k - 24, 0 = f + 2. What are the prime factors of a(k)?
2
Let a be -5*(5 + -2) + -3. Let i = a - -30. What are the prime factors of i?
2, 3
Let f(j) = j**2 - 2*j - 1. Let b be f(4). Suppose 6*d = b*d - 23. What are the prime factors of d?
23
Let l = -6 + 11. Suppose l*m = 3*m + 14. List the prime factors of m.
7
Suppose -b + 6*b = -2*f + 501, 3*b = 4*f + 285. What are the prime factors of b?
3, 11
Let u(f) = -37*f + 23. List the prime factors of u(-6).
5, 7
Suppose -2*h + 6 = h. Let b be (-652)/(-20) - 4/(-10). Suppose 0 = 4*u - 5*i + 4*i - b, 2*i - 14 = -h*u. List the prime factors of u.
2
Let z = -76 + 124. List the prime factors of z.
2, 3
Let r(h) = -h. Let l be r(12). What are the prime factors of ((-16)/l + -1)*141?
47
Suppose u = 0, -2*r = -6*r + 3*u. What are the prime factors of (-4 + r)*(-22)/8?
11
Suppose -5*x = -3*b + 6 + 7, -4*b + 2 = x. Let q = 5 + x. Suppose -4 = -y - 5*v, 0*v = q*v. List the prime factors of y.
2
Let h = 12 + -20. Let u = -6 - h. Suppose 44 = u*v + 2*v - 4*w, -3*v - 2*w = -33. List the prime factors of v.
11
List the prime factors of 315/65 + (-4)/(-26).
5
Let o = -21 + 41. What are the prime factors of o?
2, 5
Suppose 0 = u + 1 - 3. Suppose 4*a - u*a = 8. List the prime factors of -2*(-2)/a*3.
3
Let o(z) be the first derivative of 5*z**2/2 - 5*z + 3. Let w be o(12). Suppose 4*s - w = 1. List the prime factors of s.
2, 7
Suppose -3 = -3*o + 3. Suppose -5*a - 13 = -2*j - 134, o*j = a - 21. Let b = a - 14. List the prime factors of b.
11
Let z(g) = g**3 - 2*g**2 - 4. Let a be z(3). Suppose -a*c = 5*p - 60, -3*p + 7*p + 18 = 2*c. List the prime factors of c.
11
What are the prime factors of (-4)/(-2) + 2 - 3 - -52?
53
Suppose 2*w - 15 = 2*a + 7, 2*w = 5*a + 7. Let h = -7 + w. Let m = h - -9. What are the prime factors of m?
2, 3
Let i = -10 + 34. What are the prime factors of i?
2, 3
Let s(y) be the second derivative of -y**3/6 - 9*y**2/2 + 3*y. Let v be s(-4). What are the prime factors of 185/25 + 2/v?
7
What are the prime factors of (-6)/(-18) + 89/3?
2, 3, 5
Suppose 0*a + 2*a + 10 = -4*o, a - 15 = 3*o. What are the prime factors of 27/a - (-2 + 5)?
2, 3
Suppose 0 = 3*y - 4*v - 22, -2*y + 3*v = 10 - 26. Suppose -2 = -y*m - 0. Suppose 0 = 4*h - 3*w - 12, -h + 1 = -w - m. What are the prime factors of h?
2, 3
Let s(n) = -n**3 - 14*n**2 - 13*n + 14. Suppose -u + 4*q - 3*q - 12 = 0, 0 = -4*u + 3*q - 49. What are the prime factors of s(u)?
2, 7
Let g(s) = -s**3 + 4*s**2. Let q be g(4). Suppose q = 4*o - 5*o + 4. Let d = o + 8. What are the prime factors of d?
2, 3
Suppose -5*j = -j. Suppose h + j*h - 3*k = -19, -31 = 5*h + k. Let n = h - -18. What are the prime factors of n?
11
Let v = 1 - 2. Let y = -1 - v. Suppose -2*b + b + 18 = y. List the prime factors of b.
2, 3
Let b(a) = -2*a**2 + 22*a - 12. What are the prime factors of b(10)?
2
Suppose -11*i + 473 = 4*g - 12*i, 10 = -2*i. List the prime factors of g.
3, 13
Suppose 115 = 2*n + 5. What are the prime factors of n?
5, 11
Let u = -123 + 87. Let i = u + 51. List the prime factors of i.
3, 5
Let b be -1 - -2*(-3 + 7). Let v = b + -3. List the prime factors of v.
2
Let q(r) = -3*r**3 - r**2 - 1. List the prime factors of q(-2).
19
Let v(x) = -5*x**3 + 2*x - 1. Let p be v(1). List the prime factors of (34/p)/(1/(-2)).
17
Let i be (5/10)/((-1)/(-60)). Suppose 0 = -3*a - 0*a + i. List the prime factors of (-4)/(-3)*75/a.
2, 5
Let g = -254 + 537. What are the prime factors of g?
283
Let a(k) = -2*k**3 + k - 9. What are the prime factors of a(-5)?
2, 59
Let y = -212 - -313. List the prime factors of y.
101
Let c(p) = -9*p + 12*p - 2 + p. List the prime factors of c(1).
2
Let o(q) be the third derivative of 19*q**6/720 - q**5/120 - q**4/8 + 2*q**2. Let t(p) be the second derivative of o(p). List the prime factors of t(1).
2, 3
Suppose 2*x - 2 = f, -4*x + f = -2*f - 2. Suppose 0 = 3*d - x + 17, -2*d = 5*r + 115. What are the prime factors of (r/(-6))/((-1)/(-2))?
7
Let n = -171 + 412. What are the prime factors of n?
241
Suppose 4*l + 608 = -2*x, 0 = 3*l - 2*l + 2*x + 